{"id":60,"date":"2017-02-14T17:45:36","date_gmt":"2017-02-14T17:45:36","guid":{"rendered":"http:\/\/sentickysen.cz\/?page_id=60"},"modified":"2017-02-15T17:22:23","modified_gmt":"2017-02-15T17:22:23","slug":"opicka-nebo-dite","status":"publish","type":"page","link":"https:\/\/sentickysen.cz\/?page_id=60","title":{"rendered":"Opi\u010dka nebo d\u00edt\u011b"},"content":{"rendered":"<h2><a href=\"https:\/\/sentickysen.cz\/wp-content\/uploads\/2017\/02\/SAM_1469.jpg\">\u00a0<\/a><a href=\"https:\/\/sentickysen.cz\/wp-content\/uploads\/2017\/02\/SAM_1469.jpg\"><img loading=\"lazy\" decoding=\"async\" class=\"wp-image-61 size-full alignnone\" src=\"https:\/\/sentickysen.cz\/wp-content\/uploads\/2017\/02\/SAM_1469-e1487179302379.jpg\" width=\"5472\" height=\"3080\" srcset=\"https:\/\/sentickysen.cz\/wp-content\/uploads\/2017\/02\/SAM_1469-e1487179302379.jpg 5472w, https:\/\/sentickysen.cz\/wp-content\/uploads\/2017\/02\/SAM_1469-e1487179302379-300x169.jpg 300w, https:\/\/sentickysen.cz\/wp-content\/uploads\/2017\/02\/SAM_1469-e1487179302379-768x432.jpg 768w, https:\/\/sentickysen.cz\/wp-content\/uploads\/2017\/02\/SAM_1469-e1487179302379-1024x576.jpg 1024w\" sizes=\"auto, (max-width: 767px) 89vw, (max-width: 1000px) 54vw, (max-width: 1071px) 543px, 580px\" \/><\/a><\/h2>\n<p style=\"text-align: left;\">\u00a0Pod vr\u00e1s\u010ditou k\u016f\u017ei se skr\u00fdv\u00e1 elegantn\u00ed, hrav\u00fd, chytr\u00fd, hodn\u00fd a spole\u010densk\u00fd tvor, kter\u00fd nem\u00e1 probl\u00e9m se s ka\u017ed\u00fdm skamar\u00e1dit. Sphynxov\u00e9 jsou opravdu velmi mil\u00ed. N\u011bkomu mohou p\u0159ipadat p\u0159\u00edtuln\u00ed a\u017e p\u0159\u00edli\u0161. Sphynx, to je d\u00edt\u011b, opi\u010dka, pejsek a ko\u010dka v jednom.<\/p>\n<p>Jeliko\u017e je sphynx tvor spole\u010densk\u00fd nem\u011bl by tr\u00e1vit mnoho \u010dasu s\u00e1m. Sice se zabav\u00ed, ale s ko\u010di\u010d\u00edm nebo ps\u00edm kamar\u00e1dem je mu v\u017edy l\u00e9pe. \u010casto se st\u00e1v\u00e1, \u017ee si kr\u00e1tce po po\u0159\u00edzen\u00ed prvn\u00edho sphynxe d\u00edky jeho neuv\u011b\u0159iteln\u00e9 povaze po\u0159\u00edd\u00edte dal\u0161\u00edho.<\/p>\n<p>Pokud se pro dal\u0161\u00edho zv\u00ed\u0159ec\u00edho kamar\u00e1da nerozhodnete, mus\u00edte po\u010d\u00edtat s t\u00edm, \u017ee v\u00e1s sphynx bude doprov\u00e1zet skoro v\u0161ude. Pokud pracujete na PC, bude pracovat s v\u00e1mi \u2013 sledovat obrazovku, sk\u00e1kat po kl\u00e1vesnici, p\u0159\u00edpadn\u011b za\u010dne n\u011bco \u201ehledat\u201c na internetu. A\u0165 zdob\u00edte strome\u010dek, pracujete v kuchyni nebo ukl\u00edz\u00edte, st\u00e1le u v\u00e1s bude sphynx\u00ed doprovod.<\/p>\n<p>U sphynx\u016f neplat\u00ed ani tvrzen\u00ed, \u017ee ko\u010dka je z\u00e1visl\u00e1 na jednom m\u00edst\u011b, nem\u00e1 r\u00e1da zm\u011bny a st\u011bhov\u00e1n\u00ed. Sphynx je bezmezn\u011b oddan\u00fd sv\u00e9mu \u010dlov\u011b\u010d\u00edmu kamar\u00e1dovi, kter\u00e9ho miluje tak, \u017ee se za n\u00edm odst\u011bhuje kamkoliv.<\/p>\n","protected":false},"excerpt":{"rendered":"<p>\u00a0 \u00a0Pod vr\u00e1s\u010ditou k\u016f\u017ei se skr\u00fdv\u00e1 elegantn\u00ed, hrav\u00fd, chytr\u00fd, hodn\u00fd a spole\u010densk\u00fd tvor, kter\u00fd nem\u00e1 probl\u00e9m se s ka\u017ed\u00fdm skamar\u00e1dit. Sphynxov\u00e9 jsou opravdu velmi mil\u00ed. N\u011bkomu mohou p\u0159ipadat p\u0159\u00edtuln\u00ed a\u017e p\u0159\u00edli\u0161. Sphynx, to je d\u00edt\u011b, opi\u010dka, pejsek a ko\u010dka v jednom. Jeliko\u017e je sphynx tvor spole\u010densk\u00fd nem\u011bl by tr\u00e1vit mnoho \u010dasu s\u00e1m. Sice se zabav\u00ed, &hellip; <\/p>\n<p class=\"link-more\"><a href=\"https:\/\/sentickysen.cz\/?page_id=60\" class=\"more-link\">Pokra\u010dovat ve \u010dten\u00ed<span class=\"screen-reader-text\"> &#8222;Opi\u010dka nebo d\u00edt\u011b&#8220;<\/span><\/a><\/p>\n","protected":false},"author":1,"featured_media":0,"parent":0,"menu_order":0,"comment_status":"closed","ping_status":"closed","template":"","meta":{"footnotes":""},"class_list":["post-60","page","type-page","status-publish","hentry"],"_links":{"self":[{"href":"https:\/\/sentickysen.cz\/index.php?rest_route=\/wp\/v2\/pages\/60","targetHints":{"allow":["GET"]}}],"collection":[{"href":"https:\/\/sentickysen.cz\/index.php?rest_route=\/wp\/v2\/pages"}],"about":[{"href":"https:\/\/sentickysen.cz\/index.php?rest_route=\/wp\/v2\/types\/page"}],"author":[{"embeddable":true,"href":"https:\/\/sentickysen.cz\/index.php?rest_route=\/wp\/v2\/users\/1"}],"replies":[{"embeddable":true,"href":"https:\/\/sentickysen.cz\/index.php?rest_route=%2Fwp%2Fv2%2Fcomments&post=60"}],"version-history":[{"count":4,"href":"https:\/\/sentickysen.cz\/index.php?rest_route=\/wp\/v2\/pages\/60\/revisions"}],"predecessor-version":[{"id":98,"href":"https:\/\/sentickysen.cz\/index.php?rest_route=\/wp\/v2\/pages\/60\/revisions\/98"}],"wp:attachment":[{"href":"https:\/\/sentickysen.cz\/index.php?rest_route=%2Fwp%2Fv2%2Fmedia&parent=60"}],"curies":[{"name":"wp","href":"https:\/\/api.w.org\/{rel}","templated":true}]}}